u = b - -2305. Suppose -1032 = -4*g - 2*c, -g - 3*g = -2*c - u. Is g a composite number?
False
Let w(n) = 48*n**2 + 8*n + 17. Let s be w(-5). Let b = -528 + s. Is b a prime number?
False
Suppose 65 = -4*r - 3. Let n = -27 - r. Let c(d) = 24*d**2 - 19*d - 13. Is c(n) a prime number?
False
Let l(i) = 2086*i**3 + 8*i**2 - 33*i - 35. Is l(4) prime?
False
Let i = -191 - -3. Let o = 2545 + i. Is o a composite number?
False
Suppose 201*i + 1398891 = 206*i + 2*k, -63 = 9*k. Is i prime?
False
Let i be (-1244)/(-6) + 6/(-18). Let f(m) = -3*m - 1. Let w be f(-1). Suppose 4*b + i = n, -2*n = w*n + 5*b - 723. Is n composite?
True
Let t(s) = 28*s**2 + 7*s + 8. Let i(h) = 2*h - 43. Let a be i(24). Let c(z) = -42*z**2 - 11*z - 12. Let v(o) = a*c(o) + 8*t(o). Is v(6) a composite number?
True
Suppose -o + 5*t + 3040 = 4*o, -4*o + 2452 = t. Suppose k + 2*s - s - o = 0, -3*k + 4*s = -1801. Let u = -309 + k. Is u prime?
False
Let b = 1641 - 1037. Let z = b + 7861. Is z a prime number?
False
Let p(q) = -5654*q + 123. Is p(-4) composite?
False
Let b(d) = 2110*d**3 - 5*d**2 + 4*d + 3. Let t(j) = j**3 - 14*j**2 - 29*j - 46. Let g be t(16). Is b(g) composite?
False
Let p(j) = 5*j**3 + 9*j**2 - 6*j - 10. Let f be p(-6). Let g = f + 1517. Is g a prime number?
True
Let b(j) = 15 - 231 - 53 + 2698*j. Is b(6) prime?
True
Let j(y) be the first derivative of 5*y**4/4 - 5*y**3/3 - 9*y + 6. Let x be j(4). Let r = 488 - x. Is r a prime number?
True
Let c(y) = 868*y + 132*y + 584*y + 175. Is c(3) composite?
True
Let n = 133756 + -45825. Is n composite?
False
Let r be 8/2*((-424)/(-16) + -7). Suppose 0 = 76*s - r*s + 978. Is s composite?
True
Let r = 531468 - 232321. Is r a composite number?
False
Suppose -23*i - 21*i - 2642081 = -17073597. Is i composite?
True
Suppose -2*k + 17*j = 15*j - 677170, -5*j + 1354322 = 4*k. Suppose -4*m - k = -25*m. Is m prime?
False
Suppose -b = -3*b + 3*f, -2*b = 5*f. Suppose b = -12*u + 8*u - 112. Is 0 - -627 - (u - -24) a composite number?
False
Let a(y) = 0*y + 13*y**3 - 6*y + 12*y**2 - y - 3 - 6*y**2 - 4. Is a(5) a composite number?
False
Suppose -2*y + 3*y = 0. Let p(h) = h**3 - 1. Let i be p(y). Is i/1 + 1 + -1 - -1578 a prime number?
False
Let f be -6 - (-2 - -6 - -2601). Let s = f - -5532. Is s a prime number?
False
Let j be -1 + 1514/1 + 1 + -2. Suppose -j = -i + 2*x + 146, 4*i - 4*x = 6652. Let t = -599 + i. Is t composite?
False
Let k = 1276 - 279. Suppose o + k = z + 2*o, -2*o = -3*z + 3016. Suppose -1093 = -5*l + z. Is l a composite number?
False
Let f(s) = 311*s**2 - 7*s - 1. Let o be f(6). Suppose o = 3*j + 54905. Is (3/2)/((-12)/j) composite?
False
Let t = 500 + -6149. Let u = t + 12928. Is u a prime number?
False
Let w = 33 + -19. Suppose 8*f - 2 = w. Is 976 - (-6 + f)/4 composite?
False
Is -1 + (-5)/(-7) + 4392770/161 + 3 prime?
False
Suppose 4*x - 3*j = 340829, 2*x - 3*j - 170419 = -0*j. Is x prime?
False
Let q(l) = -l**3 + 104*l**2 - 199*l + 37. Is q(89) a composite number?
False
Is 2646119/(-366)*(-7 - (2 + -3)) a prime number?
False
Let w be (-3)/(-4) + (-2)/(8/(-21)). Suppose w*z - 5821 = -4*l + z, -5*z = -2*l + 2903. Is l a prime number?
False
Let j be (-5 + 13408/4)*29. Let f = -68828 + j. Is f a prime number?
False
Let m = 4991 + 963. Let h = 12741 - m. Is h prime?
False
Let o be 6/2 + (-8 - -7). Let p(a) = 11*a**2 - 20*a**2 - a + 10*a**o + 1. Is p(-6) prime?
True
Is (-1424238)/8*(-460)/345 prime?
True
Suppose 4*m = 2*o + 781352 + 2490948, 3*o - 818047 = -m. Is m prime?
False
Let f be 2 + 4/(-8)*(2 - 2). Let l = -2 + f. Is 326 - (0 + l + -3) a prime number?
False
Suppose -3*g = -5*o - 7 - 28, 5*o = -4*g. Suppose 5*w - 32 = -g*t + 1493, -t = -2*w - 314. Suppose t = -6*y + 10*y. Is y prime?
False
Suppose -3*u - 3*u = -12. Suppose 11*t - 15237 = u*t. Is t composite?
False
Let i = -70449 - -148486. Is i prime?
False
Suppose -153 = k - 4*v - 692, 5*k = -2*v + 2805. Suppose 0 = 2*b + p, -p = b + 3*p + 14. Suppose 1805 = b*f + k. Is f a composite number?
True
Let m(i) = 983 + 152*i - 954 + 16*i. Is m(4) composite?
False
Suppose 5*c - 148 = c. Suppose 5*z - q = q + c, 30 = 5*z + 5*q. Suppose -z*h + 919 + 390 = 0. Is h a prime number?
False
Let c(r) = 48*r**3 + 4*r**2 + 3*r + 7. Let w(u) = 49*u**3 + 5*u**2 + 3*u + 10. Let f(d) = -4*c(d) + 3*w(d). Is f(-3) a prime number?
True
Let b = 1466 + 1131. Suppose -5*l + 7*l - 2*k = 1038, 5*l - 4*k - b = 0. Is l a composite number?
False
Let k(p) = -461*p**3 - 5*p**2 - 52*p - 131. Is k(-8) a prime number?
True
Let i(y) = 2*y**2 - 5*y - 47. Let p(s) = -4*s**2 + 10*s + 94. Let k(a) = -11*i(a) - 6*p(a). Is k(18) a prime number?
False
Is ((-966)/24 + 1)/((-21)/20076) a composite number?
True
Let d = -19 + 29. Suppose -d*j + 8*j = -1676. Suppose -w - w = -j. Is w composite?
False
Suppose -826*j = -934*j + 32045652. Is j a composite number?
False
Let z(c) = 831*c**2 - 116*c - 213. Is z(-10) a prime number?
True
Suppose 5*p - 3*g = 6490, 5*p - 6490 = -19*g + 24*g. Suppose l + 399 = -0*l. Let d = p + l. Is d prime?
False
Suppose 3574070 = -3182*l + 3192*l. Is l a composite number?
True
Suppose 4*o = -2*l - 10, -4*l + 3 = 3*o + 13. Let p be (l/(-3))/(-1 + 48/45). Suppose 2*c + p*u - 3261 = 0, c - u - 1628 = -4*u. Is c composite?
True
Let m(q) = -3*q**2 + 48*q - 16. Let z(r) = -r + 15. Let k be z(4). Is m(k) prime?
True
Let m = -245894 + 518457. Is m a composite number?
False
Suppose -i - 1309513 = -4*f, 744677 = 4*f + 2*i - 564821. Is f prime?
False
Suppose 3*k = 3*o + 108, -43 = -2*k - o + 44. Suppose -k = -5*u - 11. Let j(x) = 13*x**2 - 5*x - 19. Is j(u) composite?
False
Suppose -6*h + 8947 + 13763 = 0. Suppose h = 15*x - 6670. Is x prime?
False
Let o(d) = 18*d**2 + 166*d - d**3 - 4 - 37 - 155*d + 0. Is o(16) a composite number?
False
Let i be 1*(3 - (0 - 5)). Is ((-7574)/i)/(1*2/(-8)) a composite number?
True
Let w = -59 - -52. Let z(c) = -27*c**3 + c**2 + 27*c + 30. Is z(w) a composite number?
False
Let w = -200516 - -291637. Is w composite?
False
Let q(c) = 3*c + 52*c**2 + 6*c + 1 - 12*c + c. Is q(-2) composite?
True
Let n(t) = 14*t + 47. Let r = -65 + 69. Suppose r*f + 75 = 7*f. Is n(f) composite?
False
Let m = -97 + 110. Suppose m*a - 19*a + 1938 = 0. Is a a prime number?
False
Suppose -15 + 0 = -2*g + s, -5*g + 39 = -3*s. Suppose g*u - 12319 = -235. Let z = -537 + u. Is z composite?
True
Let c(g) = g**3 + 16*g**2 + 15*g - 5. Let k be 7/(-4)*-6*(-14)/21. Is c(k) composite?
False
Let f = 53 + -50. Suppose 0 = -f*j + 1192 + 827. Is j a composite number?
False
Let v be 1/(-6) + 111/18. Suppose -31*k + v = -28*k. Suppose 2*f - 2*q - 1770 = 0, 4*q - 370 = -k*f + 1412. Is f a prime number?
True
Let n(k) = 4868*k + 2. Let s be n(1). Let x = 6873 - s. Is x a prime number?
True
Let r(h) = 204*h**2 - 54*h + 19. Is r(9) prime?
True
Suppose 9*i = 8*i + 89. Let g(r) = -84 - 1256*r + i - 313*r. Is g(-1) a composite number?
True
Let d(g) = -72*g + 29. Let j = -331 + 316. Is d(j) prime?
True
Let j be -1 + (-2 - 1584)/2. Let y = 1177 + j. Let m = 56 + y. Is m prime?
True
Let c(f) = -f**3 - 8*f**2 + 21*f + 15. Let p be c(-10). Suppose -3*q - 4773 = -o, -o = -p*o - 3*q + 19152. Suppose -14117 = -4*i - o. Is i a composite number?
False
Suppose 18*a + 1306323 = 27*a. Is a a composite number?
True
Let x(n) = -10 + 31*n**2 - n + 42*n**2 - 19*n**2. Let y = -14 + 11. Is x(y) a prime number?
True
Suppose 3945 = -7*b + 11841. Let a = b - -833. Is a prime?
False
Let t(d) = 68*d**2 + 16*d - 101. Suppose -b - 8 = -5*o + 67, -5*o + 5*b = -75. Is t(o) a composite number?
False
Let p = -351 + 379. Is 4269/(40/p + -1) composite?
True
Suppose -336 = 7*v - 8*v. Let p = 299 + v. Is (-2 - -4)*p/2 a composite number?
True
Let d = 22169 - -86586. Is d composite?
True
Let d(g) = g**3 - 8*g**2 + 3*g - 20. Let f be d(8). Suppose -f*c = -9*c + 175. Let v = c - 20. Is v a composite number?
True
Suppose 0 = -12*g - 14*g - 52. Is (2 + 51)*(g - -9) prime?
False
Suppose 51*q = 8*q - 40*q + 74196107. Is q a prime number?
True
Let u(l) = -16*l**2 - l. Let f be u(-1). Let v be -2*(-5)/(f/(-6)). Suppose b = d + 411, 6*b - b + v*d - 2055 = 0. Is b composite?
True
Let v(x) = 823*x**2 + 9*x + 25. Is v(-6) prime?
True
Suppose 0 = -3*d + 51 + 24. Suppose -x + 7 = 4*h - 7, -3*x = -5*h - d. Is (4764/(-30))/((-4)/x) composite?
False
Suppose 0 = -98*b